 is divided by 27148.
5
What is the remainder when 399 is divided by 349?
50
What is the remainder when 12322 is divided by 92?
86
Calculate the remainder when 6883 is divided by 6833.
50
What is the remainder when 3319227 is divided by 217?
212
What is the remainder when 1778 is divided by 135?
23
What is the remainder when 1479 is divided by 461?
96
What is the remainder when 32863 is divided by 470?
433
What is the remainder when 3113 is divided by 58?
39
What is the remainder when 5036 is divided by 16?
12
What is the remainder when 11720 is divided by 11695?
25
Calculate the remainder when 11120 is divided by 6.
2
Calculate the remainder when 15700 is divided by 24.
4
What is the remainder when 303687 is divided by 169?
163
What is the remainder when 1096823 is divided by 57727?
10
What is the remainder when 57728 is divided by 118?
26
Calculate the remainder when 200 is divided by 179.
21
Calculate the remainder when 2742 is divided by 91.
12
Calculate the remainder when 15360 is divided by 1096.
16
What is the remainder when 58222 is divided by 2905?
122
What is the remainder when 139774 is divided by 69854?
66
Calculate the remainder when 1275593 is divided by 538.
533
Calculate the remainder when 29519 is divided by 284.
267
What is the remainder when 7160 is divided by 341?
340
Calculate the remainder when 6932 is divided by 20.
12
Calculate the remainder when 1726 is divided by 186.
52
What is the remainder when 2276956 is divided by 727?
719
Calculate the remainder when 36172 is divided by 4001.
163
What is the remainder when 6404 is divided by 3202?
0
Calculate the remainder when 231574 is divided by 367.
364
Calculate the remainder when 133907 is divided by 5150.
7
Calculate the remainder when 310 is divided by 149.
12
Calculate the remainder when 9373 is divided by 41.
25
Calculate the remainder when 12418 is divided by 827.
13
What is the remainder when 3591 is divided by 91?
42
What is the remainder when 2307 is divided by 564?
51
What is the remainder when 53573 is divided by 837?
5
What is the remainder when 3823 is divided by 762?
13
What is the remainder when 574 is divided by 128?
62
Calculate the remainder when 21539 is divided by 1654.
37
What is the remainder when 4329 is divided by 19?
16
Calculate the remainder when 1650 is divided by 1552.
98
Calculate the remainder when 11965 is divided by 266.
261
Calculate the remainder when 1379908 is divided by 42.
40
Calculate the remainder when 4682 is divided by 791.
727
What is the remainder when 10661 is divided by 122?
47
What is the remainder when 1248500 is divided by 12?
8
Calculate the remainder when 5085 is divided by 5077.
8
Calculate the remainder when 7767 is divided by 52.
19
What is the remainder when 96552 is divided by 274?
104
What is the remainder when 4531 is divided by 1486?
73
What is the remainder when 40033 is divided by 37?
36
Calculate the remainder when 24139 is divided by 163.
15
Calculate the remainder when 45704 is divided by 563.
101
What is the remainder when 10095 is divided by 37?
31
What is the remainder when 660970 is divided by 307?
306
What is the remainder when 27969 is divided by 9237?
258
What is the remainder when 14499 is divided by 22?
1
Calculate the remainder when 11075 is divided by 1291.
747
Calculate the remainder when 66301 is divided by 148.
145
Calculate the remainder when 140423 is divided by 46.
31
What is the remainder when 46214 is divided by 2741?
2358
Calculate the remainder when 57473 is divided by 209.
207
Calculate the remainder when 9540 is divided by 2072.
1252
Calculate the remainder when 4586742 is divided by 49.
48
What is the remainder when 5433 is divided by 331?
137
Calculate the remainder when 5898 is divided by 482.
114
Calculate the remainder when 13620 is divided by 1707.
1671
Calculate the remainder when 32364 is divided by 195.
189
What is the remainder when 9789 is divided by 3175?
264
Calculate the remainder when 1838 is divided by 164.
34
What is the remainder when 80881 is divided by 19?
17
What is the remainder when 253 is divided by 63?
1
Calculate the remainder when 34755 is divided by 1333.
97
What is the remainder when 17219 is divided by 21?
20
Calculate the remainder when 3249 is divided by 860.
669
What is the remainder when 64872 is divided by 25?
22
What is the remainder when 1464 is divided by 263?
149
Calculate the remainder when 85213 is divided by 897.
895
What is the remainder when 1057 is divided by 53?
50
What is the remainder when 159277 is divided by 159267?
10
Calculate the remainder when 107187 is divided by 9.
6
What is the remainder when 91628 is divided by 98?
96
What is the remainder when 2952 is divided by 117?
27
Calculate the remainder when 532 is divided by 274.
258
Calculate the remainder when 3180 is divided by 18.
12
What is the remainder when 60829 is divided by 5529?
10
Calculate the remainder when 6204 is divided by 78.
42
What is the remainder when 20889 is divided by 176?
121
What is the remainder when 1629 is divided by 314?
59
What is the remainder when 21814 is divided by 727?
4
What is the remainder when 14421 is divided by 56?
29
Calculate the remainder when 300382 is divided by 131.
130
Calculate the remainder when 4784 is divided by 1586.
26
Calculate the remainder when 5854 is divided by 966.
58
What is the remainder when 55327 is divided by 6915?
7
Calculate the remainder when 1514 is divided by 127.
117
What is the remainder when 1286 is divided by 297?
98
Calculate the remainder when 179830 is divided by 33.
13
What is the remainder when 23082 is divided by 3192?
738
What is the remainder when 7945 is divided by 1975?
45
Calculate the remainder when 199714 is divided by 24964.
2
Calculate the remainder when 164061 is divided by 32812.
1
What is the remainder when 135955 is divided by 15?
10
Calculate the remainder when 1674 is divided by 1404.
270
Calculate the remainder when 1128499 is divided by 500.
499
What is the remainder when 390073 is divided by 4?
1
What is the remainder when 18538 is divided by 18503?
35
What is the remainder when 4216 is divided by 493?
272
What is the remainder when 10778 is divided by 19?
5
What is the remainder when 4005 is divided by 30?
15
Calculate the remainder when 2002592 is divided by 89.
3
Calculate the remainder when 140733 is divided by 32.
29
Calculate the remainder when 24127 is divided by 4824.
7
What is the remainder when 64443 is divided by 884?
795
What is the remainder when 371188 is divided by 10?
8
Calculate the remainder when 930179 is divided by 22.
19
Calculate the remainder when 2292 is divided by 54.
24
Calculate the remainder when 25532 is divided by 64.
60
What is the remainder when 213556 is divided by 83?
80
What is the remainder when 17331 is divided by 162?
159
Calculate the remainder when 52770 is divided by 160.
130
What is the remainder when 300322 is divided by 355?
347
What is the remainder when 62304 is divided by 93?
87
Calculate the remainder when 126082 is divided by 159.
154
Calculate the remainder when 3798278 is divided by 353.
351
What is the remainder when 1169 is divided by 117?
116
Calculate the remainder when 702 is divided by 105.
72
What is the remainder when 1223 is divided by 391?
50
What is the remainder when 475 is divided by 21?
13
What is the remainder when 22016 is divided by 31?
6
Calculate the remainder when 815 is divided by 117.
113
Calculate the remainder when 248230 is divided by 124108.
14
Calculate the remainder when 15961 is divided by 3165.
136
Calculate the remainder when 4792 is divided by 45.
22
Calculate the remainder when 18439 is divided by 59.
31
Calculate the remainder when 21898 is divided by 54.
28
Calculate the remainder when 19429 is divided by 145.
144
What is the remainder when 3948 is divided by 199?
167
Calculate the remainder when 42682 is divided by 58.
52
What is the remainder when 5842 is divided by 150?
142
Calculate the remainder when 267516 is divided by 29.
20
Calculate the remainder when 288031 is divided by 22.
7
Calculate the remainder when 59377 is divided by 30.
7
What is the remainder when 813 is divided by 248?
69
Calculate the remainder when 1556 is divided by 1454.
102
What is the remainder when 171180 is divided by 8?
